{"id":6,"date":"2020-05-15T11:45:15","date_gmt":"2020-05-15T09:45:15","guid":{"rendered":"http:\/\/www.lecarrouege.org\/?page_id=6"},"modified":"2021-04-22T11:41:18","modified_gmt":"2021-04-22T09:41:18","slug":"le-carrouege","status":"publish","type":"page","link":"https:\/\/www.lecarrouege.org\/index.php\/le-carrouege\/","title":{"rendered":"Le Carrou\u00e8ge ?"},"content":{"rendered":"\n<p><strong>Le Carrou\u00e8ge est l&rsquo;\u00e9colieu cr\u00e9\u00e9 par les adh\u00e9rents de Adret Morvan<\/strong>.<br>Il est situ\u00e9 Carrefour de Vauclaix 58140 Vauclaix<\/p>\n\n\n\n<p><strong>La gen\u00e8se<\/strong><\/p>\n\n\n\n<p>Adret Morvan a \u00e9t\u00e9 cr\u00e9\u00e9 en 2012 pour lutter contre l\u2019industrialisation de la sylviculture et contre un gros projet industriel (scierie g\u00e9ante, incin\u00e9rateur, production d\u2019\u00e9lectricit\u00e9) polluant, inutile et impos\u00e9\u2009: Erscia.&nbsp;<\/p>\n\n\n\n<p>Suite \u00e0 un coup de force de la pr\u00e9f\u00e8te de la Ni\u00e8vre, le site du projet sera occup\u00e9 pendant deux ans le temps que la justice se prononce.<\/p>\n\n\n\n<figure class=\"wp-block-embed is-type-video is-provider-youtube wp-block-embed-youtube wp-embed-aspect-16-9 wp-has-aspect-ratio\"><div class=\"wp-block-embed__wrapper\">\n<iframe loading=\"lazy\" title=\"Comment a \u00e9t\u00e9 cr\u00e9\u00e9 l&#039;\u00e9colieu du Carrou\u00e8ge\" width=\"640\" height=\"360\" src=\"https:\/\/www.youtube.com\/embed\/usXeCwohP8w?feature=oembed\" frameborder=\"0\" allow=\"accelerometer; autoplay; clipboard-write; encrypted-media; gyroscope; picture-in-picture\" allowfullscreen><\/iframe>\n<\/div><figcaption>D&rsquo;o\u00f9 vient cet \u00e9colieu ?<\/figcaption><\/figure>\n\n\n\n<p><strong>Le projet<\/strong><\/p>\n\n\n\n<p>Une fois le projet annul\u00e9 par la justice, Adret Morvan ach\u00e8te le Carrou\u00e8ge pour p\u00e9renniser les rencontres humaines, riches et diverses engag\u00e9es sur la ZAD du bois du Tron\u00e7ay tout en apportant une modeste contribution pour faire \u00e9voluer notre territoire positivement face aux grands enjeux environnementaux majeurs actuels (climat, biodiversit\u00e9).<\/p>\n\n\n\n<p><strong>L\u2019\u00e9colieu le Carrou\u00e8ge<\/strong><\/p>\n\n\n\n<p>L\u2019\u00e9colieu propose aujourd\u2019hui une boutique de produits circuits courts et \u00e9picerie bio, un restaurant et un bar valorisant les m\u00eames produits. Il accueille des conf\u00e9rences-d\u00e9bats, des \u00ab\u202fcaf\u00e9s for\u00eats\u202f\u00bb, des spectacles (th\u00e9\u00e2tre, musique) du cin\u00e9ma, des d\u00e9bats organis\u00e9s par des collectifs en lutte. Il contribue aussi \u00e0 l\u2019instauration de circuits court bois.<\/p>\n\n\n\n<p>L\u2019ensemble des activit\u00e9s qui s\u2019y tiennent ne b\u00e9n\u00e9ficient d\u2019aucune subvention et l\u2019organisation et l\u2019animation du lieu reposent sur le b\u00e9n\u00e9volat des adh\u00e9rents.&nbsp;<\/p>\n\n\n\n<p>Il est ouvert \u00e0 tous ceux qui souhaitent nous rejoindre, nous aider, proposer, co-construire des projets autour des valeurs d\u00e9fendues par la charte du lieu.<\/p>\n\n\n\n<p>Le Carrou\u00e8ge est un outil con\u00e7u par l\u2019association Adret Morvan pour favoriser des projets concrets \u00e0 vis\u00e9e environnementale et de d\u00e9veloppement de la vie du territoire.&nbsp;<\/p>\n\n\n\n<p><strong>Qui fait quoi\u2009?<\/strong><\/p>\n\n\n\n<p>Les activit\u00e9s non commerciales du Carrou\u00e8ge sont organis\u00e9es par Adret Morvan et la partie commerciale est g\u00e9r\u00e9e par une autre association d\u00e9di\u00e9e\u2009: Sycomor.<\/p>\n\n\n\n<p><strong>Adret Morvan<\/strong><\/p>\n\n\n\n<p>L\u2019association Adret Morvan cherche \u00e0 lutter contre l\u2019industrialisation de la for\u00eat du Morvan et le remplacement de for\u00eats de feuillus par des monocultures de r\u00e9sineux.<\/p>\n\n\n\n<p>Elle collabore, dans ce but,&nbsp; avec d\u2019autres associations comme SOS for\u00eat, Canop\u00e9e, le R\u00e9seau pour les alternatives foresti\u00e8res, le Fern, en Bourgogne, en France et en Europe.&nbsp;<\/p>\n\n\n\n<p>Contrairement \u00e0 ce que certains cherchent \u00e0 faire croire, nous ne sommes pas contre l\u2019exploitation foresti\u00e8re, mais pour des sylvicultures respectueuses de l\u2019environnement qui peuvent produire sur une dur\u00e9e longue autant que la sylviculture industrielle\u2026&nbsp;<\/p>\n\n\n\n<p>L\u2019industrialisation de la for\u00eat, sur un sch\u00e9ma identique \u00e0 l\u2019agriculture productiviste, produit les m\u00eames effets\u2009: destruction des sols, de la biodiversit\u00e9, de la qualit\u00e9 de l\u2019eau, des paysages, de l\u2019emploi local, des savoir-faire et contribue \u00e0 l\u2019aggravation du changement climatique contrairement aux engagements de l\u2019accord de Paris.<\/p>\n","protected":false},"excerpt":{"rendered":"<p>Le Carrou\u00e8ge est l&rsquo;\u00e9colieu cr\u00e9\u00e9 par les adh\u00e9rents de Adret Morvan.Il est situ\u00e9 Carrefour de Vauclaix 58140 Vauclaix La gen\u00e8se Adret Morvan a \u00e9t\u00e9&#8230;<\/p>\n","protected":false},"author":1,"featured_media":132,"parent":0,"menu_order":0,"comment_status":"closed","ping_status":"closed","template":"","meta":{"_acf_changed":false,"footnotes":""},"acf":[],"yoast_head":"<!-- This site is optimized with the Yoast SEO plugin v23.5 - https:\/\/yoast.com\/wordpress\/plugins\/seo\/ -->\n<title>Le Carrou\u00e8ge ? - Le Carrou\u00e8ge<\/title>\n<meta name=\"robots\" content=\"index, follow, max-snippet:-1, max-image-preview:large, max-video-preview:-1\" \/>\n<link rel=\"canonical\" href=\"https:\/\/www.lecarrouege.org\/index.php\/le-carrouege\/\" \/>\n<meta property=\"og:locale\" content=\"fr_FR\" \/>\n<meta property=\"og:type\" content=\"article\" \/>\n<meta property=\"og:title\" content=\"Le Carrou\u00e8ge ? - Le Carrou\u00e8ge\" \/>\n<meta property=\"og:description\" content=\"Le Carrou\u00e8ge est l&rsquo;\u00e9colieu cr\u00e9\u00e9 par les adh\u00e9rents de Adret Morvan.Il est situ\u00e9 Carrefour de Vauclaix 58140 Vauclaix La gen\u00e8se Adret Morvan a \u00e9t\u00e9...\" \/>\n<meta property=\"og:url\" content=\"https:\/\/www.lecarrouege.org\/index.php\/le-carrouege\/\" \/>\n<meta property=\"og:site_name\" content=\"Le Carrou\u00e8ge\" \/>\n<meta property=\"article:publisher\" content=\"https:\/\/www.facebook.com\/AdretMorvan\/\" \/>\n<meta property=\"article:modified_time\" content=\"2021-04-22T09:41:18+00:00\" \/>\n<meta property=\"og:image\" content=\"https:\/\/www.lecarrouege.org\/wp-content\/uploads\/2020\/06\/Bandeaux-carrouege4-LT.jpg\" \/>\n\t<meta property=\"og:image:width\" content=\"1500\" \/>\n\t<meta property=\"og:image:height\" content=\"495\" \/>\n\t<meta property=\"og:image:type\" content=\"image\/jpeg\" \/>\n<meta name=\"twitter:card\" content=\"summary_large_image\" \/>\n<meta name=\"twitter:label1\" content=\"Dur\u00e9e de lecture estim\u00e9e\" \/>\n\t<meta name=\"twitter:data1\" content=\"2 minutes\" \/>\n<script type=\"application\/ld+json\" class=\"yoast-schema-graph\">{\"@context\":\"https:\/\/schema.org\",\"@graph\":[{\"@type\":\"WebPage\",\"@id\":\"https:\/\/www.lecarrouege.org\/index.php\/le-carrouege\/\",\"url\":\"https:\/\/www.lecarrouege.org\/index.php\/le-carrouege\/\",\"name\":\"Le Carrou\u00e8ge ? - Le Carrou\u00e8ge\",\"isPartOf\":{\"@id\":\"https:\/\/www.lecarrouege.org\/#website\"},\"primaryImageOfPage\":{\"@id\":\"https:\/\/www.lecarrouege.org\/index.php\/le-carrouege\/#primaryimage\"},\"image\":{\"@id\":\"https:\/\/www.lecarrouege.org\/index.php\/le-carrouege\/#primaryimage\"},\"thumbnailUrl\":\"https:\/\/www.lecarrouege.org\/wp-content\/uploads\/2020\/06\/Bandeaux-carrouege4-LT.jpg\",\"datePublished\":\"2020-05-15T09:45:15+00:00\",\"dateModified\":\"2021-04-22T09:41:18+00:00\",\"breadcrumb\":{\"@id\":\"https:\/\/www.lecarrouege.org\/index.php\/le-carrouege\/#breadcrumb\"},\"inLanguage\":\"fr-FR\",\"potentialAction\":[{\"@type\":\"ReadAction\",\"target\":[\"https:\/\/www.lecarrouege.org\/index.php\/le-carrouege\/\"]}]},{\"@type\":\"ImageObject\",\"inLanguage\":\"fr-FR\",\"@id\":\"https:\/\/www.lecarrouege.org\/index.php\/le-carrouege\/#primaryimage\",\"url\":\"https:\/\/www.lecarrouege.org\/wp-content\/uploads\/2020\/06\/Bandeaux-carrouege4-LT.jpg\",\"contentUrl\":\"https:\/\/www.lecarrouege.org\/wp-content\/uploads\/2020\/06\/Bandeaux-carrouege4-LT.jpg\",\"width\":1500,\"height\":495,\"caption\":\"Une histoire impr\u00e9gn\u00e9e par la for\u00eat et le bois\"},{\"@type\":\"BreadcrumbList\",\"@id\":\"https:\/\/www.lecarrouege.org\/index.php\/le-carrouege\/#breadcrumb\",\"itemListElement\":[{\"@type\":\"ListItem\",\"position\":1,\"name\":\"Accueil\",\"item\":\"https:\/\/www.lecarrouege.org\/\"},{\"@type\":\"ListItem\",\"position\":2,\"name\":\"Le Carrou\u00e8ge ?\"}]},{\"@type\":\"WebSite\",\"@id\":\"https:\/\/www.lecarrouege.org\/#website\",\"url\":\"https:\/\/www.lecarrouege.org\/\",\"name\":\"Le Carrou\u00e8ge\",\"description\":\"L&#039;\u00e9colieu d&#039;Adret Morvan\",\"potentialAction\":[{\"@type\":\"SearchAction\",\"target\":{\"@type\":\"EntryPoint\",\"urlTemplate\":\"https:\/\/www.lecarrouege.org\/?s={search_term_string}\"},\"query-input\":{\"@type\":\"PropertyValueSpecification\",\"valueRequired\":true,\"valueName\":\"search_term_string\"}}],\"inLanguage\":\"fr-FR\"}]}<\/script>\n<!-- \/ Yoast SEO plugin. -->","yoast_head_json":{"title":"Le Carrou\u00e8ge ? - Le Carrou\u00e8ge","robots":{"index":"index","follow":"follow","max-snippet":"max-snippet:-1","max-image-preview":"max-image-preview:large","max-video-preview":"max-video-preview:-1"},"canonical":"https:\/\/www.lecarrouege.org\/index.php\/le-carrouege\/","og_locale":"fr_FR","og_type":"article","og_title":"Le Carrou\u00e8ge ? - Le Carrou\u00e8ge","og_description":"Le Carrou\u00e8ge est l&rsquo;\u00e9colieu cr\u00e9\u00e9 par les adh\u00e9rents de Adret Morvan.Il est situ\u00e9 Carrefour de Vauclaix 58140 Vauclaix La gen\u00e8se Adret Morvan a \u00e9t\u00e9...","og_url":"https:\/\/www.lecarrouege.org\/index.php\/le-carrouege\/","og_site_name":"Le Carrou\u00e8ge","article_publisher":"https:\/\/www.facebook.com\/AdretMorvan\/","article_modified_time":"2021-04-22T09:41:18+00:00","og_image":[{"width":1500,"height":495,"url":"https:\/\/www.lecarrouege.org\/wp-content\/uploads\/2020\/06\/Bandeaux-carrouege4-LT.jpg","type":"image\/jpeg"}],"twitter_card":"summary_large_image","twitter_misc":{"Dur\u00e9e de lecture estim\u00e9e":"2 minutes"},"schema":{"@context":"https:\/\/schema.org","@graph":[{"@type":"WebPage","@id":"https:\/\/www.lecarrouege.org\/index.php\/le-carrouege\/","url":"https:\/\/www.lecarrouege.org\/index.php\/le-carrouege\/","name":"Le Carrou\u00e8ge ? - Le Carrou\u00e8ge","isPartOf":{"@id":"https:\/\/www.lecarrouege.org\/#website"},"primaryImageOfPage":{"@id":"https:\/\/www.lecarrouege.org\/index.php\/le-carrouege\/#primaryimage"},"image":{"@id":"https:\/\/www.lecarrouege.org\/index.php\/le-carrouege\/#primaryimage"},"thumbnailUrl":"https:\/\/www.lecarrouege.org\/wp-content\/uploads\/2020\/06\/Bandeaux-carrouege4-LT.jpg","datePublished":"2020-05-15T09:45:15+00:00","dateModified":"2021-04-22T09:41:18+00:00","breadcrumb":{"@id":"https:\/\/www.lecarrouege.org\/index.php\/le-carrouege\/#breadcrumb"},"inLanguage":"fr-FR","potentialAction":[{"@type":"ReadAction","target":["https:\/\/www.lecarrouege.org\/index.php\/le-carrouege\/"]}]},{"@type":"ImageObject","inLanguage":"fr-FR","@id":"https:\/\/www.lecarrouege.org\/index.php\/le-carrouege\/#primaryimage","url":"https:\/\/www.lecarrouege.org\/wp-content\/uploads\/2020\/06\/Bandeaux-carrouege4-LT.jpg","contentUrl":"https:\/\/www.lecarrouege.org\/wp-content\/uploads\/2020\/06\/Bandeaux-carrouege4-LT.jpg","width":1500,"height":495,"caption":"Une histoire impr\u00e9gn\u00e9e par la for\u00eat et le bois"},{"@type":"BreadcrumbList","@id":"https:\/\/www.lecarrouege.org\/index.php\/le-carrouege\/#breadcrumb","itemListElement":[{"@type":"ListItem","position":1,"name":"Accueil","item":"https:\/\/www.lecarrouege.org\/"},{"@type":"ListItem","position":2,"name":"Le Carrou\u00e8ge ?"}]},{"@type":"WebSite","@id":"https:\/\/www.lecarrouege.org\/#website","url":"https:\/\/www.lecarrouege.org\/","name":"Le Carrou\u00e8ge","description":"L&#039;\u00e9colieu d&#039;Adret Morvan","potentialAction":[{"@type":"SearchAction","target":{"@type":"EntryPoint","urlTemplate":"https:\/\/www.lecarrouege.org\/?s={search_term_string}"},"query-input":{"@type":"PropertyValueSpecification","valueRequired":true,"valueName":"search_term_string"}}],"inLanguage":"fr-FR"}]}},"mfb_rest_fields":["yoast_head","yoast_head_json"],"_links":{"self":[{"href":"https:\/\/www.lecarrouege.org\/index.php\/wp-json\/wp\/v2\/pages\/6"}],"collection":[{"href":"https:\/\/www.lecarrouege.org\/index.php\/wp-json\/wp\/v2\/pages"}],"about":[{"href":"https:\/\/www.lecarrouege.org\/index.php\/wp-json\/wp\/v2\/types\/page"}],"author":[{"embeddable":true,"href":"https:\/\/www.lecarrouege.org\/index.php\/wp-json\/wp\/v2\/users\/1"}],"replies":[{"embeddable":true,"href":"https:\/\/www.lecarrouege.org\/index.php\/wp-json\/wp\/v2\/comments?post=6"}],"version-history":[{"count":10,"href":"https:\/\/www.lecarrouege.org\/index.php\/wp-json\/wp\/v2\/pages\/6\/revisions"}],"predecessor-version":[{"id":1380,"href":"https:\/\/www.lecarrouege.org\/index.php\/wp-json\/wp\/v2\/pages\/6\/revisions\/1380"}],"wp:featuredmedia":[{"embeddable":true,"href":"https:\/\/www.lecarrouege.org\/index.php\/wp-json\/wp\/v2\/media\/132"}],"wp:attachment":[{"href":"https:\/\/www.lecarrouege.org\/index.php\/wp-json\/wp\/v2\/media?parent=6"}],"curies":[{"name":"wp","href":"https:\/\/api.w.org\/{rel}","templated":true}]}}

Le Carrouège ?

<p><strong>Le Carrouège est l&rsquo;écolieu créé par les adhérents de Adret Morvan</strong>.<br>Il est situé Carrefour de Vauclaix 58140 Vauclaix</p>



<p><strong>La genèse</strong></p>



<p>Adret Morvan a été créé en 2012 pour lutter contre l’industrialisation de la sylviculture et contre un gros projet industriel (scierie géante, incinérateur, production d’électricité) polluant, inutile et imposé : Erscia.&nbsp;</p>



<p>Suite à un coup de force de la préfète de la Nièvre, le site du projet sera occupé pendant deux ans le temps que la justice se prononce.</p>



<figure class="wp-block-embed is-type-video is-provider-youtube wp-block-embed-youtube wp-embed-aspect-16-9 wp-has-aspect-ratio"><div class="wp-block-embed__wrapper">
<iframe loading="lazy" title="Comment a été créé l&#039;écolieu du Carrouège" width="640" height="360" src="https://www.youtube.com/embed/usXeCwohP8w?feature=oembed" frameborder="0" allow="accelerometer; autoplay; clipboard-write; encrypted-media; gyroscope; picture-in-picture" allowfullscreen></iframe>
</div><figcaption>D&rsquo;où vient cet écolieu ?</figcaption></figure>



<p><strong>Le projet</strong></p>



<p>Une fois le projet annulé par la justice, Adret Morvan achète le Carrouège pour pérenniser les rencontres humaines, riches et diverses engagées sur la ZAD du bois du Tronçay tout en apportant une modeste contribution pour faire évoluer notre territoire positivement face aux grands enjeux environnementaux majeurs actuels (climat, biodiversité).</p>



<p><strong>L’écolieu le Carrouège</strong></p>



<p>L’écolieu propose aujourd’hui une boutique de produits circuits courts et épicerie bio, un restaurant et un bar valorisant les mêmes produits. Il accueille des conférences-débats, des « cafés forêts », des spectacles (théâtre, musique) du cinéma, des débats organisés par des collectifs en lutte. Il contribue aussi à l’instauration de circuits court bois.</p>



<p>L’ensemble des activités qui s’y tiennent ne bénéficient d’aucune subvention et l’organisation et l’animation du lieu reposent sur le bénévolat des adhérents.&nbsp;</p>



<p>Il est ouvert à tous ceux qui souhaitent nous rejoindre, nous aider, proposer, co-construire des projets autour des valeurs défendues par la charte du lieu.</p>



<p>Le Carrouège est un outil conçu par l’association Adret Morvan pour favoriser des projets concrets à visée environnementale et de développement de la vie du territoire.&nbsp;</p>



<p><strong>Qui fait quoi ?</strong></p>



<p>Les activités non commerciales du Carrouège sont organisées par Adret Morvan et la partie commerciale est gérée par une autre association dédiée : Sycomor.</p>



<p><strong>Adret Morvan</strong></p>



<p>L’association Adret Morvan cherche à lutter contre l’industrialisation de la forêt du Morvan et le remplacement de forêts de feuillus par des monocultures de résineux.</p>



<p>Elle collabore, dans ce but,&nbsp; avec d’autres associations comme SOS forêt, Canopée, le Réseau pour les alternatives forestières, le Fern, en Bourgogne, en France et en Europe.&nbsp;</p>



<p>Contrairement à ce que certains cherchent à faire croire, nous ne sommes pas contre l’exploitation forestière, mais pour des sylvicultures respectueuses de l’environnement qui peuvent produire sur une durée longue autant que la sylviculture industrielle…&nbsp;</p>



<p>L’industrialisation de la forêt, sur un schéma identique à l’agriculture productiviste, produit les mêmes effets : destruction des sols, de la biodiversité, de la qualité de l’eau, des paysages, de l’emploi local, des savoir-faire et contribue à l’aggravation du changement climatique contrairement aux engagements de l’accord de Paris.</p>

<p>Le Carrouège est l&rsquo;écolieu créé par les adhérents de Adret Morvan.Il est situé Carrefour de Vauclaix 58140 Vauclaix La genèse Adret Morvan a été&#8230;</p>

<!-- This site is optimized with the Yoast SEO plugin v23.5 - https://yoast.com/wordpress/plugins/seo/ -->
<title>Le Carrouège ? - Le Carrouège</title>
<meta name="robots" content="index, follow, max-snippet:-1, max-image-preview:large, max-video-preview:-1" />
<link rel="canonical" href="https://www.lecarrouege.org/index.php/le-carrouege/" />
<meta property="og:locale" content="fr_FR" />
<meta property="og:type" content="article" />
<meta property="og:title" content="Le Carrouège ? - Le Carrouège" />
<meta property="og:description" content="Le Carrouège est l&rsquo;écolieu créé par les adhérents de Adret Morvan.Il est situé Carrefour de Vauclaix 58140 Vauclaix La genèse Adret Morvan a été..." />
<meta property="og:url" content="https://www.lecarrouege.org/index.php/le-carrouege/" />
<meta property="og:site_name" content="Le Carrouège" />
<meta property="article:publisher" content="https://www.facebook.com/AdretMorvan/" />
<meta property="article:modified_time" content="2021-04-22T09:41:18+00:00" />
<meta property="og:image" content="https://www.lecarrouege.org/wp-content/uploads/2020/06/Bandeaux-carrouege4-LT.jpg" />
	<meta property="og:image:width" content="1500" />
	<meta property="og:image:height" content="495" />
	<meta property="og:image:type" content="image/jpeg" />
<meta name="twitter:card" content="summary_large_image" />
<meta name="twitter:label1" content="Durée de lecture estimée" />
	<meta name="twitter:data1" content="2 minutes" />
<script type="application/ld+json" class="yoast-schema-graph">{"@context":"https://schema.org","@graph":[{"@type":"WebPage","@id":"https://www.lecarrouege.org/index.php/le-carrouege/","url":"https://www.lecarrouege.org/index.php/le-carrouege/","name":"Le Carrouège ? - Le Carrouège","isPartOf":{"@id":"https://www.lecarrouege.org/#website"},"primaryImageOfPage":{"@id":"https://www.lecarrouege.org/index.php/le-carrouege/#primaryimage"},"image":{"@id":"https://www.lecarrouege.org/index.php/le-carrouege/#primaryimage"},"thumbnailUrl":"https://www.lecarrouege.org/wp-content/uploads/2020/06/Bandeaux-carrouege4-LT.jpg","datePublished":"2020-05-15T09:45:15+00:00","dateModified":"2021-04-22T09:41:18+00:00","breadcrumb":{"@id":"https://www.lecarrouege.org/index.php/le-carrouege/#breadcrumb"},"inLanguage":"fr-FR","potentialAction":[{"@type":"ReadAction","target":["https://www.lecarrouege.org/index.php/le-carrouege/"]}]},{"@type":"ImageObject","inLanguage":"fr-FR","@id":"https://www.lecarrouege.org/index.php/le-carrouege/#primaryimage","url":"https://www.lecarrouege.org/wp-content/uploads/2020/06/Bandeaux-carrouege4-LT.jpg","contentUrl":"https://www.lecarrouege.org/wp-content/uploads/2020/06/Bandeaux-carrouege4-LT.jpg","width":1500,"height":495,"caption":"Une histoire imprégnée par la forêt et le bois"},{"@type":"BreadcrumbList","@id":"https://www.lecarrouege.org/index.php/le-carrouege/#breadcrumb","itemListElement":[{"@type":"ListItem","position":1,"name":"Accueil","item":"https://www.lecarrouege.org/"},{"@type":"ListItem","position":2,"name":"Le Carrouège ?"}]},{"@type":"WebSite","@id":"https://www.lecarrouege.org/#website","url":"https://www.lecarrouege.org/","name":"Le Carrouège","description":"L&#039;écolieu d&#039;Adret Morvan","potentialAction":[{"@type":"SearchAction","target":{"@type":"EntryPoint","urlTemplate":"https://www.lecarrouege.org/?s={search_term_string}"},"query-input":{"@type":"PropertyValueSpecification","valueRequired":true,"valueName":"search_term_string"}}],"inLanguage":"fr-FR"}]}</script>
<!-- / Yoast SEO plugin. -->

Le Carrouège ? - Le Carrouège

Le Carrouège est l&rsquo;écolieu créé par les adhérents de Adret Morvan.Il est situé Carrefour de Vauclaix 58140 Vauclaix La genèse Adret Morvan a été...

Le Carrouège

Une histoire imprégnée par la forêt et le bois

L&#039;écolieu d&#039;Adret Morvan
