{"id":49,"date":"2020-05-22T16:12:54","date_gmt":"2020-05-22T14:12:54","guid":{"rendered":"https:\/\/www.lecarrouege.org\/?page_id=49"},"modified":"2020-10-13T15:36:08","modified_gmt":"2020-10-13T13:36:08","slug":"un-bistrot-pour-accueillir-debats-spectacles-repas","status":"publish","type":"page","link":"https:\/\/www.lecarrouege.org\/index.php\/un-bistrot-pour-accueillir-debats-spectacles-repas\/","title":{"rendered":"Le caf\u00e9-restaurant"},"content":{"rendered":"\n<p>Un bistrot-restaurant pour accueillir d\u00e9bats, spectacles, repas\u2026 Le bistrot privil\u00e9gie les boissons locales bio, compl\u00e9t\u00e9es par une s\u00e9lection de produits un peu plus larges. La cuisine cherche aussi \u00e0 valoriser la production locale presque toujours en bio. Les \u00ab\u00a0chefs\u00a0\u00bb sont b\u00e9n\u00e9voles et font la cuisine \u00e0 tour de r\u00f4le avec l&rsquo;aide d&rsquo;une \u00e9quipe compl\u00e8te.<\/p>\n\n\n\n<p>Comme toutes les activit\u00e9s du Carrou\u00e8ge, le bar et le restaurant fonctionnent uniquement avec des b\u00e9n\u00e9voles. Il est possible de participer occasionnellement (ou plus) et de proposer de confectionner un repas avec l&rsquo;aide des b\u00e9n\u00e9voles du Carrou\u00e8ge. <strong><a href=\"https:\/\/www.lecarrouege.org\/index.php\/la-cuisine\/\">Participer ? En savoir plus !<\/a><\/strong><\/p>\n\n\n\n<p>Plus que jamais il est utile de r\u00e9server pour le repas avant le vendredi soir. En effet, le COVID rend les pr\u00e9visions de repas encore plus incertaines. Merci de votre compr\u00e9hension.<\/p>\n\n\n\n<p>R\u00e9servation : 06 84 65 04 33<\/p>\n","protected":false},"excerpt":{"rendered":"<p>Un bistrot-restaurant pour accueillir d\u00e9bats, spectacles, repas\u2026 Le bistrot privil\u00e9gie les boissons locales bio, compl\u00e9t\u00e9es par une s\u00e9lection de produits un peu plus larges&#8230;.<\/p>\n","protected":false},"author":1,"featured_media":129,"parent":0,"menu_order":0,"comment_status":"closed","ping_status":"closed","template":"","meta":{"_acf_changed":false,"footnotes":""},"acf":[],"yoast_head":"<!-- This site is optimized with the Yoast SEO plugin v23.5 - https:\/\/yoast.com\/wordpress\/plugins\/seo\/ -->\n<title>Le caf\u00e9-restaurant - Le Carrou\u00e8ge<\/title>\n<meta name=\"robots\" content=\"index, follow, max-snippet:-1, max-image-preview:large, max-video-preview:-1\" \/>\n<link rel=\"canonical\" href=\"https:\/\/www.lecarrouege.org\/index.php\/un-bistrot-pour-accueillir-debats-spectacles-repas\/\" \/>\n<meta property=\"og:locale\" content=\"fr_FR\" \/>\n<meta property=\"og:type\" content=\"article\" \/>\n<meta property=\"og:title\" content=\"Le caf\u00e9-restaurant - Le Carrou\u00e8ge\" \/>\n<meta property=\"og:description\" content=\"Un bistrot-restaurant pour accueillir d\u00e9bats, spectacles, repas\u2026 Le bistrot privil\u00e9gie les boissons locales bio, compl\u00e9t\u00e9es par une s\u00e9lection de produits un peu plus larges....\" \/>\n<meta property=\"og:url\" content=\"https:\/\/www.lecarrouege.org\/index.php\/un-bistrot-pour-accueillir-debats-spectacles-repas\/\" \/>\n<meta property=\"og:site_name\" content=\"Le Carrou\u00e8ge\" \/>\n<meta property=\"article:publisher\" content=\"https:\/\/www.facebook.com\/AdretMorvan\/\" \/>\n<meta property=\"article:modified_time\" content=\"2020-10-13T13:36:08+00:00\" \/>\n<meta property=\"og:image\" content=\"https:\/\/www.lecarrouege.org\/wp-content\/uploads\/2020\/06\/Bandeaux-bar-restaurant-LT.jpg\" \/>\n\t<meta property=\"og:image:width\" content=\"1800\" \/>\n\t<meta property=\"og:image:height\" content=\"594\" \/>\n\t<meta property=\"og:image:type\" content=\"image\/jpeg\" \/>\n<meta name=\"twitter:card\" content=\"summary_large_image\" \/>\n<meta name=\"twitter:label1\" content=\"Dur\u00e9e de lecture estim\u00e9e\" \/>\n\t<meta name=\"twitter:data1\" content=\"1 minute\" \/>\n<script type=\"application\/ld+json\" class=\"yoast-schema-graph\">{\"@context\":\"https:\/\/schema.org\",\"@graph\":[{\"@type\":\"WebPage\",\"@id\":\"https:\/\/www.lecarrouege.org\/index.php\/un-bistrot-pour-accueillir-debats-spectacles-repas\/\",\"url\":\"https:\/\/www.lecarrouege.org\/index.php\/un-bistrot-pour-accueillir-debats-spectacles-repas\/\",\"name\":\"Le caf\u00e9-restaurant - Le Carrou\u00e8ge\",\"isPartOf\":{\"@id\":\"https:\/\/www.lecarrouege.org\/#website\"},\"primaryImageOfPage\":{\"@id\":\"https:\/\/www.lecarrouege.org\/index.php\/un-bistrot-pour-accueillir-debats-spectacles-repas\/#primaryimage\"},\"image\":{\"@id\":\"https:\/\/www.lecarrouege.org\/index.php\/un-bistrot-pour-accueillir-debats-spectacles-repas\/#primaryimage\"},\"thumbnailUrl\":\"https:\/\/www.lecarrouege.org\/wp-content\/uploads\/2020\/06\/Bandeaux-bar-restaurant-LT.jpg\",\"datePublished\":\"2020-05-22T14:12:54+00:00\",\"dateModified\":\"2020-10-13T13:36:08+00:00\",\"breadcrumb\":{\"@id\":\"https:\/\/www.lecarrouege.org\/index.php\/un-bistrot-pour-accueillir-debats-spectacles-repas\/#breadcrumb\"},\"inLanguage\":\"fr-FR\",\"potentialAction\":[{\"@type\":\"ReadAction\",\"target\":[\"https:\/\/www.lecarrouege.org\/index.php\/un-bistrot-pour-accueillir-debats-spectacles-repas\/\"]}]},{\"@type\":\"ImageObject\",\"inLanguage\":\"fr-FR\",\"@id\":\"https:\/\/www.lecarrouege.org\/index.php\/un-bistrot-pour-accueillir-debats-spectacles-repas\/#primaryimage\",\"url\":\"https:\/\/www.lecarrouege.org\/wp-content\/uploads\/2020\/06\/Bandeaux-bar-restaurant-LT.jpg\",\"contentUrl\":\"https:\/\/www.lecarrouege.org\/wp-content\/uploads\/2020\/06\/Bandeaux-bar-restaurant-LT.jpg\",\"width\":1800,\"height\":594,\"caption\":\"Un bar et un restaurant pour la convivialit\u00e9 et l'\u00e9change.\"},{\"@type\":\"BreadcrumbList\",\"@id\":\"https:\/\/www.lecarrouege.org\/index.php\/un-bistrot-pour-accueillir-debats-spectacles-repas\/#breadcrumb\",\"itemListElement\":[{\"@type\":\"ListItem\",\"position\":1,\"name\":\"Accueil\",\"item\":\"https:\/\/www.lecarrouege.org\/\"},{\"@type\":\"ListItem\",\"position\":2,\"name\":\"Le caf\u00e9-restaurant\"}]},{\"@type\":\"WebSite\",\"@id\":\"https:\/\/www.lecarrouege.org\/#website\",\"url\":\"https:\/\/www.lecarrouege.org\/\",\"name\":\"Le Carrou\u00e8ge\",\"description\":\"L&#039;\u00e9colieu d&#039;Adret Morvan\",\"potentialAction\":[{\"@type\":\"SearchAction\",\"target\":{\"@type\":\"EntryPoint\",\"urlTemplate\":\"https:\/\/www.lecarrouege.org\/?s={search_term_string}\"},\"query-input\":{\"@type\":\"PropertyValueSpecification\",\"valueRequired\":true,\"valueName\":\"search_term_string\"}}],\"inLanguage\":\"fr-FR\"}]}<\/script>\n<!-- \/ Yoast SEO plugin. -->","yoast_head_json":{"title":"Le caf\u00e9-restaurant - Le Carrou\u00e8ge","robots":{"index":"index","follow":"follow","max-snippet":"max-snippet:-1","max-image-preview":"max-image-preview:large","max-video-preview":"max-video-preview:-1"},"canonical":"https:\/\/www.lecarrouege.org\/index.php\/un-bistrot-pour-accueillir-debats-spectacles-repas\/","og_locale":"fr_FR","og_type":"article","og_title":"Le caf\u00e9-restaurant - Le Carrou\u00e8ge","og_description":"Un bistrot-restaurant pour accueillir d\u00e9bats, spectacles, repas\u2026 Le bistrot privil\u00e9gie les boissons locales bio, compl\u00e9t\u00e9es par une s\u00e9lection de produits un peu plus larges....","og_url":"https:\/\/www.lecarrouege.org\/index.php\/un-bistrot-pour-accueillir-debats-spectacles-repas\/","og_site_name":"Le Carrou\u00e8ge","article_publisher":"https:\/\/www.facebook.com\/AdretMorvan\/","article_modified_time":"2020-10-13T13:36:08+00:00","og_image":[{"width":1800,"height":594,"url":"https:\/\/www.lecarrouege.org\/wp-content\/uploads\/2020\/06\/Bandeaux-bar-restaurant-LT.jpg","type":"image\/jpeg"}],"twitter_card":"summary_large_image","twitter_misc":{"Dur\u00e9e de lecture estim\u00e9e":"1 minute"},"schema":{"@context":"https:\/\/schema.org","@graph":[{"@type":"WebPage","@id":"https:\/\/www.lecarrouege.org\/index.php\/un-bistrot-pour-accueillir-debats-spectacles-repas\/","url":"https:\/\/www.lecarrouege.org\/index.php\/un-bistrot-pour-accueillir-debats-spectacles-repas\/","name":"Le caf\u00e9-restaurant - Le Carrou\u00e8ge","isPartOf":{"@id":"https:\/\/www.lecarrouege.org\/#website"},"primaryImageOfPage":{"@id":"https:\/\/www.lecarrouege.org\/index.php\/un-bistrot-pour-accueillir-debats-spectacles-repas\/#primaryimage"},"image":{"@id":"https:\/\/www.lecarrouege.org\/index.php\/un-bistrot-pour-accueillir-debats-spectacles-repas\/#primaryimage"},"thumbnailUrl":"https:\/\/www.lecarrouege.org\/wp-content\/uploads\/2020\/06\/Bandeaux-bar-restaurant-LT.jpg","datePublished":"2020-05-22T14:12:54+00:00","dateModified":"2020-10-13T13:36:08+00:00","breadcrumb":{"@id":"https:\/\/www.lecarrouege.org\/index.php\/un-bistrot-pour-accueillir-debats-spectacles-repas\/#breadcrumb"},"inLanguage":"fr-FR","potentialAction":[{"@type":"ReadAction","target":["https:\/\/www.lecarrouege.org\/index.php\/un-bistrot-pour-accueillir-debats-spectacles-repas\/"]}]},{"@type":"ImageObject","inLanguage":"fr-FR","@id":"https:\/\/www.lecarrouege.org\/index.php\/un-bistrot-pour-accueillir-debats-spectacles-repas\/#primaryimage","url":"https:\/\/www.lecarrouege.org\/wp-content\/uploads\/2020\/06\/Bandeaux-bar-restaurant-LT.jpg","contentUrl":"https:\/\/www.lecarrouege.org\/wp-content\/uploads\/2020\/06\/Bandeaux-bar-restaurant-LT.jpg","width":1800,"height":594,"caption":"Un bar et un restaurant pour la convivialit\u00e9 et l'\u00e9change."},{"@type":"BreadcrumbList","@id":"https:\/\/www.lecarrouege.org\/index.php\/un-bistrot-pour-accueillir-debats-spectacles-repas\/#breadcrumb","itemListElement":[{"@type":"ListItem","position":1,"name":"Accueil","item":"https:\/\/www.lecarrouege.org\/"},{"@type":"ListItem","position":2,"name":"Le caf\u00e9-restaurant"}]},{"@type":"WebSite","@id":"https:\/\/www.lecarrouege.org\/#website","url":"https:\/\/www.lecarrouege.org\/","name":"Le Carrou\u00e8ge","description":"L&#039;\u00e9colieu d&#039;Adret Morvan","potentialAction":[{"@type":"SearchAction","target":{"@type":"EntryPoint","urlTemplate":"https:\/\/www.lecarrouege.org\/?s={search_term_string}"},"query-input":{"@type":"PropertyValueSpecification","valueRequired":true,"valueName":"search_term_string"}}],"inLanguage":"fr-FR"}]}},"mfb_rest_fields":["yoast_head","yoast_head_json"],"_links":{"self":[{"href":"https:\/\/www.lecarrouege.org\/index.php\/wp-json\/wp\/v2\/pages\/49"}],"collection":[{"href":"https:\/\/www.lecarrouege.org\/index.php\/wp-json\/wp\/v2\/pages"}],"about":[{"href":"https:\/\/www.lecarrouege.org\/index.php\/wp-json\/wp\/v2\/types\/page"}],"author":[{"embeddable":true,"href":"https:\/\/www.lecarrouege.org\/index.php\/wp-json\/wp\/v2\/users\/1"}],"replies":[{"embeddable":true,"href":"https:\/\/www.lecarrouege.org\/index.php\/wp-json\/wp\/v2\/comments?post=49"}],"version-history":[{"count":10,"href":"https:\/\/www.lecarrouege.org\/index.php\/wp-json\/wp\/v2\/pages\/49\/revisions"}],"predecessor-version":[{"id":372,"href":"https:\/\/www.lecarrouege.org\/index.php\/wp-json\/wp\/v2\/pages\/49\/revisions\/372"}],"wp:featuredmedia":[{"embeddable":true,"href":"https:\/\/www.lecarrouege.org\/index.php\/wp-json\/wp\/v2\/media\/129"}],"wp:attachment":[{"href":"https:\/\/www.lecarrouege.org\/index.php\/wp-json\/wp\/v2\/media?parent=49"}],"curies":[{"name":"wp","href":"https:\/\/api.w.org\/{rel}","templated":true}]}}